{"id":1510,"date":"2020-07-20T12:12:14","date_gmt":"2020-07-20T10:12:14","guid":{"rendered":"http:\/\/iparralai.org\/?page_id=1510"},"modified":"2025-09-12T15:40:37","modified_gmt":"2025-09-12T13:40:37","slug":"rock-jazz","status":"publish","type":"page","link":"https:\/\/www.iparralai.org\/index.php\/rock-jazz\/","title":{"rendered":"Atelier ROCK Tailerra"},"content":{"rendered":"<p><strong><a href=\"https:\/\/www.iparralai.org\/?page_id=1707\">Formule A Formula : 190\u20ac \u2013 Formule D Formula : 475\u20ac \u2013 Formule D\u2019 Formula : 500\u20ac \u2013 Formule E\u2019 Formula : 680\u20ac <\/a><\/strong><\/p>\r\n<div class=\"wp-block-columns\">\r\n<div class=\"wp-block-column\">\r\n<figure class=\"wp-block-image size-large is-resized\"><img fetchpriority=\"high\" decoding=\"async\" class=\"alignnone wp-image-4640 size-medium\" src=\"https:\/\/www.iparralai.org\/wp-content\/uploads\/2025\/06\/IMG_1065-300x225.jpg\" alt=\"\" width=\"300\" height=\"225\" srcset=\"https:\/\/www.iparralai.org\/wp-content\/uploads\/2025\/06\/IMG_1065-300x225.jpg 300w, https:\/\/www.iparralai.org\/wp-content\/uploads\/2025\/06\/IMG_1065-1024x768.jpg 1024w, https:\/\/www.iparralai.org\/wp-content\/uploads\/2025\/06\/IMG_1065-768x576.jpg 768w, https:\/\/www.iparralai.org\/wp-content\/uploads\/2025\/06\/IMG_1065-1536x1152.jpg 1536w, https:\/\/www.iparralai.org\/wp-content\/uploads\/2025\/06\/IMG_1065-2048x1536.jpg 2048w, https:\/\/www.iparralai.org\/wp-content\/uploads\/2025\/06\/IMG_1065-750x563.jpg 750w\" sizes=\"(max-width: 300px) 100vw, 300px\" \/><\/figure>\r\n<p><img decoding=\"async\" class=\"alignnone size-medium wp-image-4529\" src=\"https:\/\/www.iparralai.org\/wp-content\/uploads\/2025\/06\/IMG_1055-300x225.jpg\" alt=\"\" width=\"300\" height=\"225\" srcset=\"https:\/\/www.iparralai.org\/wp-content\/uploads\/2025\/06\/IMG_1055-300x225.jpg 300w, https:\/\/www.iparralai.org\/wp-content\/uploads\/2025\/06\/IMG_1055-1024x768.jpg 1024w, https:\/\/www.iparralai.org\/wp-content\/uploads\/2025\/06\/IMG_1055-768x576.jpg 768w, https:\/\/www.iparralai.org\/wp-content\/uploads\/2025\/06\/IMG_1055-1536x1152.jpg 1536w, https:\/\/www.iparralai.org\/wp-content\/uploads\/2025\/06\/IMG_1055-2048x1536.jpg 2048w, https:\/\/www.iparralai.org\/wp-content\/uploads\/2025\/06\/IMG_1055-750x563.jpg 750w\" sizes=\"(max-width: 300px) 100vw, 300px\" \/><\/p>\r\n<p>&nbsp;<\/p>\r\n<!-- \/wp:post-content -->\r\n\r\n<!-- wp:buttons -->\r\n<div class=\"wp-block-buttons\"><!-- wp:button --><br \/><!-- \/wp:button --><\/div>\r\n<!-- \/wp:buttons --><\/div>\r\n<!-- \/wp:column -->\r\n\r\n<!-- wp:column -->\r\n<div class=\"wp-block-column\"><!-- wp:heading -->\r\n<h2><em>\u2026 l\u2019individu se retrouve au service d\u2019un collectif \u2026<\/em><\/h2>\r\n<!-- \/wp:heading -->\r\n\r\n<!-- wp:paragraph -->\r\n<p>Ce sont des r\u00e9p\u00e8tes d\u20191 heure o\u00f9 nous construisons un r\u00e9pertoire vari\u00e9 gr\u00e2ce \u00e0 une p\u00e9dagogie adapt\u00e9e. Nous nous appuyons sur des outils et des supports multiples: partition, grille d\u2019accord, tablature, bande audio, sans oublier l\u2019oralit\u00e9.<\/p>\r\n<!-- \/wp:paragraph -->\r\n\r\n<!-- wp:paragraph -->\r\n<p><mark class=\"has-inline-color has-vivid-cyan-blue-color\" style=\"background-color: rgba(0, 0, 0, 0);\">Oren bateko errepiketan, errepertorio zabala osatzen dugu. Tailer honetan pedagogi egokitua erabiliz, lan tresna ezberdinak baliatzen ditugu: partiturak, akordioak, taulak, soinu bandak, ahantzi gabe, ahozkoa.<\/mark><\/p>\r\n<!-- \/wp:paragraph -->\r\n\r\n<!-- wp:paragraph -->\r\n<p>&#8212;&#8212;&#8212;&#8212;&#8212;&#8212;&#8212;&#8212;&#8212;&#8212;&#8212;&#8212;&#8212;&#8212;&#8212;&#8212;&#8211;<\/p>\r\n<h4><strong>avec <\/strong>Ludovic LERICHE-<strong>ekin<\/strong><\/h4>\r\n<!-- \/wp:paragraph -->\r\n\r\n<!-- wp:paragraph -->\r\n<p><strong>ROCK ADULTE : vendredi 20h30 \u00e0 21h30, \u00e0 Saint Jean le Vieux<\/strong>, <strong>en fran\u00e7ais.<\/strong><\/p>\r\n<!-- \/wp:paragraph -->\r\n\r\n<!-- wp:paragraph -->\r\n<p><mark class=\"has-inline-color has-vivid-cyan-blue-color\" style=\"background-color: rgba(0, 0, 0, 0);\"><strong>ROCK HELDU : ostirala 20:30-21:30 Donazaharren, frantsesez.<\/strong><\/mark><\/p>\r\n<!-- \/wp:paragraph --><\/div>\r\n<!-- \/wp:column --><\/div>\r\n<!-- \/wp:columns -->\r\n<p>&nbsp;<\/p>","protected":false},"excerpt":{"rendered":"<p>Formule A Formula : 190\u20ac \u2013 Formule D Formula : 475\u20ac \u2013 Formule D\u2019 Formula : 500\u20ac \u2013 Formule E\u2019 Formula : 680\u20ac &nbsp; \u2026 l\u2019individu se retrouve au service d\u2019un collectif \u2026 Ce sont des r\u00e9p\u00e8tes d\u20191 heure o\u00f9 nous construisons un r\u00e9pertoire vari\u00e9 gr\u00e2ce \u00e0 une p\u00e9dagogie adapt\u00e9e. Nous nous appuyons sur des&hellip;<a href=\"https:\/\/www.iparralai.org\/index.php\/rock-jazz\/\" class=\"more-link\">Continue reading <span class=\"screen-reader-text\">Atelier ROCK Tailerra<\/span><\/a><\/p>\n","protected":false},"author":1,"featured_media":0,"parent":0,"menu_order":0,"comment_status":"closed","ping_status":"closed","template":"page_fullwidth.php","meta":{"footnotes":""},"class_list":["post-1510","page","type-page","status-publish","hentry"],"_links":{"self":[{"href":"https:\/\/www.iparralai.org\/index.php\/wp-json\/wp\/v2\/pages\/1510","targetHints":{"allow":["GET"]}}],"collection":[{"href":"https:\/\/www.iparralai.org\/index.php\/wp-json\/wp\/v2\/pages"}],"about":[{"href":"https:\/\/www.iparralai.org\/index.php\/wp-json\/wp\/v2\/types\/page"}],"author":[{"embeddable":true,"href":"https:\/\/www.iparralai.org\/index.php\/wp-json\/wp\/v2\/users\/1"}],"replies":[{"embeddable":true,"href":"https:\/\/www.iparralai.org\/index.php\/wp-json\/wp\/v2\/comments?post=1510"}],"version-history":[{"count":33,"href":"https:\/\/www.iparralai.org\/index.php\/wp-json\/wp\/v2\/pages\/1510\/revisions"}],"predecessor-version":[{"id":4779,"href":"https:\/\/www.iparralai.org\/index.php\/wp-json\/wp\/v2\/pages\/1510\/revisions\/4779"}],"wp:attachment":[{"href":"https:\/\/www.iparralai.org\/index.php\/wp-json\/wp\/v2\/media?parent=1510"}],"curies":[{"name":"wp","href":"https:\/\/api.w.org\/{rel}","templated":true}]}}