{"id":2701,"date":"2021-06-18T22:04:14","date_gmt":"2021-06-18T20:04:14","guid":{"rendered":"http:\/\/iparralai.org\/?page_id=2701"},"modified":"2025-06-30T11:34:05","modified_gmt":"2025-06-30T09:34:05","slug":"batukada-tailerrak-ateliers-batukada","status":"publish","type":"page","link":"https:\/\/www.iparralai.org\/index.php\/batukada-tailerrak-ateliers-batukada\/","title":{"rendered":"BATUKADA tailerrak &#8211; Ateliers BATUKADA"},"content":{"rendered":"\r\n<p>\r\n\r\n<\/p>\r\n<p><strong>BATUKADATTI (7-9 ans) : les mercredis, \u00e0 Saint Jean le Vieux, 15:00-16:00<\/strong><\/p>\r\n<p>\r\n\r\n<\/p>\r\n<p><mark class=\"has-inline-color has-vivid-cyan-blue-color\" style=\"background-color: rgba(0, 0, 0, 0);\"><strong>BATUKADATTI (7-9 urte) : asteazkenetan, Donazaharren, 15:00-16:00<\/strong><\/mark><\/p>\r\n<p style=\"text-align: center;\"><a href=\"https:\/\/www.iparralai.org\/?page_id=1707\"><strong>Formule A Formula : 190\u20ac -Formule B Formula : 295\u20ac &#8211; <\/strong><\/a><strong><a href=\"https:\/\/www.iparralai.org\/?page_id=1707\">Formule C Formula : 475\u20ac <\/a><\/strong><\/p>\r\n<p>\r\n\r\n<\/p>\r\n<p>&#8212;&#8212;&#8212;&#8212;&#8212;&#8212;&#8212;&#8212;&#8212;&#8212;&#8212;&#8212;&#8212;&#8212;&#8212;&#8212;&#8212;&#8212;&#8212;&#8212;&#8212;&#8212;&#8212;&#8212;&#8212;&#8212;&#8212;&#8212;&#8212;&#8212;&#8212;&#8212;&#8212;&#8212;&#8212;&#8212;&#8212;-<\/p>\r\n<p>\r\n\r\n<\/p>\r\n<p>BATUKADADDI (\u00e0 partir de 9 ans) : les mardis, \u00e0 Saint Jean le Vieux, 18:30-19:30\u00a0<\/p>\r\n<p>\r\n\r\n<\/p>\r\n<p><strong><mark class=\"has-inline-color has-vivid-cyan-blue-color\" style=\"background-color: rgba(0, 0, 0, 0);\">BATUKADADDI (9 urtetik goiti) : asteartean, Donazaharren, 18:30-19:30<\/mark><\/strong><\/p>\r\n<p><strong><a href=\"https:\/\/www.iparralai.org\/?page_id=1707\">Formule A Formula : 190\u20ac \u2013 Formule C \/ D Formula : 475\u20ac \u2013 Formule D\u2019 Formula : 500\u20ac \u2013 Formule E\u2019 Formula : 680\u20ac <\/a><\/strong><\/p>\r\n<p>\r\n\r\n<\/p>\r\n<p>&#8212;&#8212;&#8212;&#8212;&#8212;&#8212;&#8212;&#8212;&#8212;&#8212;&#8212;&#8212;&#8212;&#8212;&#8212;&#8212;&#8212;&#8212;&#8212;&#8212;&#8212;&#8212;&#8212;&#8212;&#8212;&#8212;&#8212;&#8212;&#8212;&#8212;&#8212;&#8212;&#8212;&#8212;&#8212;&#8212;&#8212;&#8211;<\/p>\r\n\r\n\r\n\r\n<div class=\"wp-block-columns is-layout-flex wp-container-core-columns-is-layout-9d6595d7 wp-block-columns-is-layout-flex\">\r\n<div class=\"wp-block-column is-layout-flow wp-block-column-is-layout-flow\">\r\n<figure class=\"wp-block-image size-full is-resized\"><img fetchpriority=\"high\" decoding=\"async\" class=\"wp-image-1040\" src=\"https:\/\/www.iparralai.org\/wp-content\/uploads\/2020\/07\/Miguel-2.jpg\" alt=\"\" width=\"494\" height=\"329\" srcset=\"https:\/\/www.iparralai.org\/wp-content\/uploads\/2020\/07\/Miguel-2.jpg 989w, https:\/\/www.iparralai.org\/wp-content\/uploads\/2020\/07\/Miguel-2-300x200.jpg 300w, https:\/\/www.iparralai.org\/wp-content\/uploads\/2020\/07\/Miguel-2-768x512.jpg 768w, https:\/\/www.iparralai.org\/wp-content\/uploads\/2020\/07\/Miguel-2-750x500.jpg 750w\" sizes=\"(max-width: 494px) 100vw, 494px\" \/><br \/>\r\n<figcaption>Miguel ETCHEVERRY,<br \/>BATUKADA tailerren arduraduna, Donazaharren,<br \/>euskalduna eta frantsesduna<br \/><mark class=\"has-inline-color has-vivid-cyan-blue-color\" style=\"background-color: rgba(0, 0, 0, 0);\">Responsable des ateliers BATUKADA \u00e0 Saint Jean le Vieux, bascophone et francophone<\/mark><\/figcaption>\r\n<\/figure>\r\n\r\n\r\n\r\n<div class=\"wp-block-buttons is-layout-flex wp-block-buttons-is-layout-flex\"><\/div>\r\n<\/div>\r\n\r\n\r\n\r\n<div class=\"wp-block-column is-layout-flow wp-block-column-is-layout-flow\">\r\n<h4 class=\"wp-block-heading\"><strong>avec <\/strong>Miguel ETCHEVERRY-<strong>rekin<\/strong><\/h4>\r\n\r\n\r\n\r\n<p>BATUKADATTI : ensemble de percussions pour les 7-9ans.\u00a0<\/p>\r\n<p>Cet atelier est destin\u00e9 \u00e0 la d\u00e9couverte des percussions pour les jeunes \u00e9l\u00e8ves d\u2019iparralai. On va y d\u00e9couvrir les diff\u00e9rents types d\u2019instruments qui existe dans le monde des percussions et mettre en \u00e9vidence le chant int\u00e9rieur de chacun des \u00e9l\u00e8ves.\u00a0<\/p>\r\n<p>Le but \u00e9tant d\u2019apprendre des rythmes par oralit\u00e9 et de jouer ensemble par la suite.\u00a0<\/p>\r\n<p>BATUKADADDI :\u00a0\u00a0ensemble de percussions pour 9ans et plus, ados et adultes (percussionniste et autre instrumentiste qui ont d\u00e9j\u00e0 2ans d\u2019instruments).\u00a0<\/p>\r\n<p>Cet atelier est destin\u00e9 \u00e0 continuer le travail effectuer l\u2019an dernier avec la Batucada de percussions.\u00a0<\/p>\r\n<p>Nous allons continuer \u00e0 d\u00e9velopper les percussions via le chant et l\u2019improvisation.\u00a0<\/p>\r\n<p>Dans l\u2019ann\u00e9e il sera question de monter une pi\u00e8ce de percussions corporelles, une pi\u00e8ce d\u2019ensemble(peaux, accessoires, claviers) et de continuer \u00e0 d\u00e9velopper la Batucada.\u00a0<\/p>\r\n<hr \/><\/div>\r\n<\/div>\r\n<div class=\"wp-block-columns\">\r\n<div class=\"wp-block-column\">\r\n<p>&nbsp;<\/p>\r\n<\/div>\r\n<\/div>\r\n<p><\/p>\r\n<figure><\/figure>\r\n<div class=\"wp-block-columns\">\r\n<div class=\"wp-block-column\">\r\n<figure class=\"wp-block-image size-large\"><img decoding=\"async\" class=\"alignnone wp-image-4639 \" src=\"https:\/\/www.iparralai.org\/wp-content\/uploads\/2025\/06\/IMG_0862-300x225.jpg\" alt=\"\" width=\"845\" height=\"634\" srcset=\"https:\/\/www.iparralai.org\/wp-content\/uploads\/2025\/06\/IMG_0862-300x225.jpg 300w, https:\/\/www.iparralai.org\/wp-content\/uploads\/2025\/06\/IMG_0862-1024x768.jpg 1024w, https:\/\/www.iparralai.org\/wp-content\/uploads\/2025\/06\/IMG_0862-768x576.jpg 768w, https:\/\/www.iparralai.org\/wp-content\/uploads\/2025\/06\/IMG_0862-1536x1152.jpg 1536w, https:\/\/www.iparralai.org\/wp-content\/uploads\/2025\/06\/IMG_0862-2048x1536.jpg 2048w, https:\/\/www.iparralai.org\/wp-content\/uploads\/2025\/06\/IMG_0862-750x563.jpg 750w\" sizes=\"(max-width: 845px) 100vw, 845px\" \/><\/figure>\r\n<\/div>\r\n<\/div>\r\n<div class=\"wp-block-columns\">\r\n<div class=\"wp-block-column\" style=\"flex-basis: 66.66%;\">\r\n<p class=\"has-vivid-cyan-blue-color has-text-color\">\u00a0<\/p>\r\n<\/div>\r\n<\/div>\r\n","protected":false},"excerpt":{"rendered":"<p>BATUKADATTI (7-9 ans) : les mercredis, \u00e0 Saint Jean le Vieux, 15:00-16:00 BATUKADATTI (7-9 urte) : asteazkenetan, Donazaharren, 15:00-16:00 Formule A Formula : 190\u20ac -Formule B Formula : 295\u20ac &#8211; Formule C Formula : 475\u20ac &#8212;&#8212;&#8212;&#8212;&#8212;&#8212;&#8212;&#8212;&#8212;&#8212;&#8212;&#8212;&#8212;&#8212;&#8212;&#8212;&#8212;&#8212;&#8212;&#8212;&#8212;&#8212;&#8212;&#8212;&#8212;&#8212;&#8212;&#8212;&#8212;&#8212;&#8212;&#8212;&#8212;&#8212;&#8212;&#8212;&#8212;- BATUKADADDI (\u00e0 partir de 9 ans) : les mardis, \u00e0 Saint Jean le Vieux, 18:30-19:30\u00a0 BATUKADADDI (9 urtetik goiti)&hellip;<a href=\"https:\/\/www.iparralai.org\/index.php\/batukada-tailerrak-ateliers-batukada\/\" class=\"more-link\">Continue reading <span class=\"screen-reader-text\">BATUKADA tailerrak &#8211; Ateliers BATUKADA<\/span><\/a><\/p>\n","protected":false},"author":1,"featured_media":0,"parent":0,"menu_order":0,"comment_status":"closed","ping_status":"closed","template":"page_fullwidth.php","meta":{"footnotes":""},"class_list":["post-2701","page","type-page","status-publish","hentry"],"_links":{"self":[{"href":"https:\/\/www.iparralai.org\/index.php\/wp-json\/wp\/v2\/pages\/2701","targetHints":{"allow":["GET"]}}],"collection":[{"href":"https:\/\/www.iparralai.org\/index.php\/wp-json\/wp\/v2\/pages"}],"about":[{"href":"https:\/\/www.iparralai.org\/index.php\/wp-json\/wp\/v2\/types\/page"}],"author":[{"embeddable":true,"href":"https:\/\/www.iparralai.org\/index.php\/wp-json\/wp\/v2\/users\/1"}],"replies":[{"embeddable":true,"href":"https:\/\/www.iparralai.org\/index.php\/wp-json\/wp\/v2\/comments?post=2701"}],"version-history":[{"count":21,"href":"https:\/\/www.iparralai.org\/index.php\/wp-json\/wp\/v2\/pages\/2701\/revisions"}],"predecessor-version":[{"id":4643,"href":"https:\/\/www.iparralai.org\/index.php\/wp-json\/wp\/v2\/pages\/2701\/revisions\/4643"}],"wp:attachment":[{"href":"https:\/\/www.iparralai.org\/index.php\/wp-json\/wp\/v2\/media?parent=2701"}],"curies":[{"name":"wp","href":"https:\/\/api.w.org\/{rel}","templated":true}]}}

<p>

</p>
<p><strong>BATUKADATTI (7-9 ans) : les mercredis, à Saint Jean le Vieux, 15:00-16:00</strong></p>
<p>

</p>
<p><mark class="has-inline-color has-vivid-cyan-blue-color" style="background-color: rgba(0, 0, 0, 0);"><strong>BATUKADATTI (7-9 urte) : asteazkenetan, Donazaharren, 15:00-16:00</strong></mark></p>
<p style="text-align: center;"><a href="https://www.iparralai.org/?page_id=1707"><strong>Formule A Formula : 190€ -Formule B Formula : 295€ &#8211; </strong></a><strong><a href="https://www.iparralai.org/?page_id=1707">Formule C Formula : 475€ </a></strong></p>
<p>

</p>
<p>&#8212;&#8212;&#8212;&#8212;&#8212;&#8212;&#8212;&#8212;&#8212;&#8212;&#8212;&#8212;&#8212;&#8212;&#8212;&#8212;&#8212;&#8212;&#8212;&#8212;&#8212;&#8212;&#8212;&#8212;&#8212;&#8212;&#8212;&#8212;&#8212;&#8212;&#8212;&#8212;&#8212;&#8212;&#8212;&#8212;&#8212;-</p>
<p>

</p>
<p>BATUKADADDI (à partir de 9 ans) : les mardis, à Saint Jean le Vieux, 18:30-19:30 </p>
<p>

</p>
<p><strong><mark class="has-inline-color has-vivid-cyan-blue-color" style="background-color: rgba(0, 0, 0, 0);">BATUKADADDI (9 urtetik goiti) : asteartean, Donazaharren, 18:30-19:30</mark></strong></p>
<p><strong><a href="https://www.iparralai.org/?page_id=1707">Formule A Formula : 190€ – Formule C / D Formula : 475€ – Formule D’ Formula : 500€ – Formule E’ Formula : 680€ </a></strong></p>
<p>

</p>
<p>&#8212;&#8212;&#8212;&#8212;&#8212;&#8212;&#8212;&#8212;&#8212;&#8212;&#8212;&#8212;&#8212;&#8212;&#8212;&#8212;&#8212;&#8212;&#8212;&#8212;&#8212;&#8212;&#8212;&#8212;&#8212;&#8212;&#8212;&#8212;&#8212;&#8212;&#8212;&#8212;&#8212;&#8212;&#8212;&#8212;&#8212;&#8211;</p>



<div class="wp-block-columns is-layout-flex wp-container-core-columns-is-layout-9d6595d7 wp-block-columns-is-layout-flex">
<div class="wp-block-column is-layout-flow wp-block-column-is-layout-flow">
<figure class="wp-block-image size-full is-resized"><img fetchpriority="high" decoding="async" class="wp-image-1040" src="https://www.iparralai.org/wp-content/uploads/2020/07/Miguel-2.jpg" alt="" width="494" height="329" srcset="https://www.iparralai.org/wp-content/uploads/2020/07/Miguel-2.jpg 989w, https://www.iparralai.org/wp-content/uploads/2020/07/Miguel-2-300x200.jpg 300w, https://www.iparralai.org/wp-content/uploads/2020/07/Miguel-2-768x512.jpg 768w, https://www.iparralai.org/wp-content/uploads/2020/07/Miguel-2-750x500.jpg 750w" sizes="(max-width: 494px) 100vw, 494px" /><br />
<figcaption>Miguel ETCHEVERRY,<br />BATUKADA tailerren arduraduna, Donazaharren,<br />euskalduna eta frantsesduna<br /><mark class="has-inline-color has-vivid-cyan-blue-color" style="background-color: rgba(0, 0, 0, 0);">Responsable des ateliers BATUKADA à Saint Jean le Vieux, bascophone et francophone</mark></figcaption>
</figure>



<div class="wp-block-buttons is-layout-flex wp-block-buttons-is-layout-flex"></div>
</div>



<div class="wp-block-column is-layout-flow wp-block-column-is-layout-flow">
<h4 class="wp-block-heading"><strong>avec </strong>Miguel ETCHEVERRY-<strong>rekin</strong></h4>



<p>BATUKADATTI : ensemble de percussions pour les 7-9ans. </p>
<p>Cet atelier est destiné à la découverte des percussions pour les jeunes élèves d’iparralai. On va y découvrir les différents types d’instruments qui existe dans le monde des percussions et mettre en évidence le chant intérieur de chacun des élèves. </p>
<p>Le but étant d’apprendre des rythmes par oralité et de jouer ensemble par la suite. </p>
<p>BATUKADADDI :  ensemble de percussions pour 9ans et plus, ados et adultes (percussionniste et autre instrumentiste qui ont déjà 2ans d’instruments). </p>
<p>Cet atelier est destiné à continuer le travail effectuer l’an dernier avec la Batucada de percussions. </p>
<p>Nous allons continuer à développer les percussions via le chant et l’improvisation. </p>
<p>Dans l’année il sera question de monter une pièce de percussions corporelles, une pièce d’ensemble(peaux, accessoires, claviers) et de continuer à développer la Batucada. </p>
<hr /></div>
</div>
<div class="wp-block-columns">
<div class="wp-block-column">
<p>&nbsp;</p>
</div>
</div>
<p></p>
<figure></figure>
<div class="wp-block-columns">
<div class="wp-block-column">
<figure class="wp-block-image size-large"><img decoding="async" class="alignnone wp-image-4639 " src="https://www.iparralai.org/wp-content/uploads/2025/06/IMG_0862-300x225.jpg" alt="" width="845" height="634" srcset="https://www.iparralai.org/wp-content/uploads/2025/06/IMG_0862-300x225.jpg 300w, https://www.iparralai.org/wp-content/uploads/2025/06/IMG_0862-1024x768.jpg 1024w, https://www.iparralai.org/wp-content/uploads/2025/06/IMG_0862-768x576.jpg 768w, https://www.iparralai.org/wp-content/uploads/2025/06/IMG_0862-1536x1152.jpg 1536w, https://www.iparralai.org/wp-content/uploads/2025/06/IMG_0862-2048x1536.jpg 2048w, https://www.iparralai.org/wp-content/uploads/2025/06/IMG_0862-750x563.jpg 750w" sizes="(max-width: 845px) 100vw, 845px" /></figure>
</div>
</div>
<div class="wp-block-columns">
<div class="wp-block-column" style="flex-basis: 66.66%;">
<p class="has-vivid-cyan-blue-color has-text-color"> </p>
</div>
</div>

<p>BATUKADATTI (7-9 ans) : les mercredis, à Saint Jean le Vieux, 15:00-16:00 BATUKADATTI (7-9 urte) : asteazkenetan, Donazaharren, 15:00-16:00 Formule A Formula : 190€ -Formule B Formula : 295€ &#8211; Formule C Formula : 475€ &#8212;&#8212;&#8212;&#8212;&#8212;&#8212;&#8212;&#8212;&#8212;&#8212;&#8212;&#8212;&#8212;&#8212;&#8212;&#8212;&#8212;&#8212;&#8212;&#8212;&#8212;&#8212;&#8212;&#8212;&#8212;&#8212;&#8212;&#8212;&#8212;&#8212;&#8212;&#8212;&#8212;&#8212;&#8212;&#8212;&#8212;- BATUKADADDI (à partir de 9 ans) : les mardis, à Saint Jean le Vieux, 18:30-19:30  BATUKADADDI (9 urtetik goiti)&hellip;<a href="https://www.iparralai.org/index.php/batukada-tailerrak-ateliers-batukada/" class="more-link">Continue reading <span class="screen-reader-text">BATUKADA tailerrak &#8211; Ateliers BATUKADA</span></a></p>
